posite?
False
Is 14943068017 a composite number?
True
Is 219053617 composite?
True
Is 1191985831 a prime number?
True
Is 136259489 a prime number?
False
Is 7335439567 composite?
True
Is 9271563443 a prime number?
True
Is 24138852077 a prime number?
True
Is 3668478613 prime?
True
Is 771350861 composite?
True
Is 377498389 composite?
True
Is 779094779 a composite number?
False
Is 98726387 a composite number?
False
Is 11084811161 composite?
False
Is 159037329793 prime?
True
Is 2941328647 a composite number?
False
Is 3244305131 a composite number?
True
Is 27114620389 composite?
False
Is 1853262773 prime?
False
Is 5169643 composite?
False
Is 611197663 composite?
False
Is 175129243 composite?
False
Is 37735417501 prime?
False
Is 397947071 a composite number?
False
Is 1970799517 a prime number?
True
Is 9718207667 prime?
False
Is 1709679193 a prime number?
False
Is 24990067717 prime?
False
Is 190686989 prime?
True
Is 850016833 composite?
False
Is 1535004299 a prime number?
False
Is 40272471357 composite?
True
Is 83958111049 a prime number?
False
Is 1646247563 a prime number?
False
Is 759106727 composite?
False
Is 5030803373 a composite number?
True
Is 292744535 a composite number?
True
Is 4710582157 a prime number?
True
Is 95122511 a composite number?
True
Is 320121043 a composite number?
True
Is 90856097 prime?
False
Is 6896527801 prime?
True
Is 30167334973 prime?
False
Is 315155221 a prime number?
True
Is 3476661827 composite?
False
Is 12890935999 prime?
True
Is 3642429863 a composite number?
False
Is 6011689169 a composite number?
True
Is 136290303581 prime?
True
Is 1770309889 a prime number?
True
Is 22315651231 a composite number?
False
Is 1134450337 a composite number?
True
Is 6110034727 prime?
True
Is 637395253 a prime number?
False
Is 5841782201 a prime number?
True
Is 7913860931 composite?
False
Is 1510523191 a composite number?
False
Is 68695197839 a prime number?
False
Is 20586047441 a prime number?
False
Is 883577917 a prime number?
True
Is 1622147017 a prime number?
True
Is 10520110553 a composite number?
True
Is 115858110953 composite?
True
Is 13796900849 composite?
False
Is 2362158529 composite?
False
Is 2956543197 a prime number?
False
Is 367813997 composite?
False
Is 62842771 prime?
True
Is 37631399167 prime?
False
Is 2538707329 a composite number?
True
Is 4233248645 composite?
True
Is 921554057 a prime number?
False
Is 501554245 a composite number?
True
Is 37130958647 composite?
False
Is 1500603367 composite?
False
Is 10102517357 prime?
True
Is 986527193 composite?
False
Is 253474889 composite?
False
Is 104603073 a prime number?
False
Is 9976529209 prime?
True
Is 26998204853 a composite number?
False
Is 149564234249 a composite number?
False
Is 31391867099 a prime number?
True
Is 67537724951 prime?
False
Is 1992290269 a composite number?
False
Is 9754039781 prime?
True
Is 20629199 a composite number?
True
Is 14631205271 a prime number?
True
Is 18527560031 prime?
True
Is 581642813 prime?
False
Is 2784985519 prime?
True
Is 71941379753 composite?
True
Is 731459957 composite?
False
Is 132113539 a prime number?
True
Is 6132842941 a composite number?
False
Is 948387629 composite?
True
Is 59623998103 a prime number?
True
Is 2033709329 a prime number?
False
Is 1110847139 a prime number?
True
Is 230766491 composite?
True
Is 229660663 composite?
True
Is 9240049121 prime?
True
Is 355297973 composite?
False
Is 17072169087 prime?
False
Is 1867921447 a prime number?
False
Is 226022561 a prime number?
True
Is 22102529011 a prime number?
True
Is 611273137 a composite number?
False
Is 250390621 composite?
True
Is 1388408167 a prime number?
True
Is 148071809 a composite number?
True
Is 8183864197 a prime number?
False
Is 210839977 a prime number?
True
Is 103673019673 prime?
True
Is 304174607 a prime number?
False
Is 120159722 a composite number?
True
Is 861464419 a composite number?
True
Is 4475165417 a prime number?
False
Is 22462276571 a prime number?
False
Is 9067379507 composite?
True
Is 13791226381 composite?
True
Is 545876867 a composite number?
False
Is 18697860085 prime?
False
Is 3838579697 composite?
True
Is 13123731373 a prime number?
False
Is 665563739 a prime number?
True
Is 73324922411 prime?
False
Is 5505769 a composite number?
False
Is 2562850907 composite?
True
Is 5761689163 prime?
True
Is 41301188777 prime?
True
Is 119787982 a prime number?
False
Is 147934910966 composite?
True
Is 186575284097 composite?
False
Is 952638301 a composite number?
True
Is 222657635 composite?
True
Is 56878908013 prime?
False
Is 3409704455 prime?
False
Is 1401843139 a prime number?
False
Is 1077042907 composite?
True
Is 95364106571 prime?
True
Is 1018994317 composite?
True
Is 3345008879 a prime number?
True
Is 7108418287 a composite number?
False
Is 5208903391 a prime number?
False
Is 609025177 a composite number?
True
Is 1251916423 a composite number?
True
Is 1089258571 prime?
True
Is 5905018223 composite?
True
Is 1947443353 prime?
False
Is 6242324261 prime?
False
Is 648786763 prime?
True
Is 1540773293 composite?
False
Is 792663019 a composite number?
False
Is 6858515737 prime?
False
Is 64147583 prime?
False
Is 9893312447 a composite number?
False
Is 6576209839 a composite number?
False
Is 21591991 a composite number?
False
Is 40112580439 prime?
False
Is 177881879 a composite number?
True
Is 2447932237 a composite number?
False
Is 6097171103 prime?
True
Is 28574250113 a composite number?
False
Is 98231369 a prime number?
False
Is 61462679 a composite number?
False
Is 88742606111 prime?
True
Is 2536437479 a prime number?
True
Is 23026892503 prime?
False
Is 2738563111 composite?
False
Is 112031565089 composite?
False
Is 131487487 a composite number?
True
Is 1062130019 a composite number?
False
Is 14915571203 a prime number?
False
Is 45820244771 a composite number?
True
Is 6017205217 a composite number?
False
Is 303624961553 a prime number?
False
Is 331201033 composite?
True
Is 1758318187 prime?
False
Is 441043963 a prime number?
False
Is 711476863 a prime number?
True
Is 238723337 composite?
False
Is 313126889 a prime number?
False
Is 2040415309 prime?
False
Is 10689326537 composite?
False
Is 189142777913 a composite number?
False
Is 1764881561 a composite number?
False
Is 287259691 a composite number?
False
Is 24580999561 a prime number?
False
Is 1579167209 prime?
True
Is 45691273879 composite?
True
Is 106533653 prime?
True
Is 67487918317 composite?
False
Is 769318861 a composite number?
True
Is 7884769033 a prime number?
False
Is 1743212327 a composite number?
False
Is 28341062803 a prime number?
True
Is 2790542987 a prime number?
False
Is 10974814139 prime?
True
Is 23400618647 prime?
False
Is 8669113837 a composite number?
True
Is 2616542653 prime?
False
Is 134886907 a composite number?
False
Is 431888797 a composite number?
False
Is 1988634223 prime?
False
Is 201611626 a prime number?
False
Is 12021436331 a composite number?
True
Is 51666379 a composite number?
False
Is 2560323107 a prime number?
True
Is 8299025233 composite?
True
Is 7192201901 a composite number?
False
Is 67086719923 a prime number?
True
Is 13417838237 composite?
True
Is 122799239 a composite number?
False
Is 13320164119 a prime number?
True
Is 214949981 composite?
False
Is 7405048033 a composite number?
False
Is 965798621 composite?
True
Is 271366793 prime?
True
Is 269938733 composite?
True
Is 41669691829 a prime number?
True
Is 1046225723 a composite number?
True
Is 2640626957 composite?
False
Is 293429373 a composite number?
True
Is 1366422983 composite?
False
Is 53132448301 a prime number?
True
Is 10973459047 a composite number?
True
Is 28988646499 a composite number?
True
Is 14486113643 prime?
True
Is 808220657 composite?
True
Is 2728369451 a prime number?
False
Is 121642152979 a prime number?
True
Is 1362088391 composite?
True
Is 50760606961 composite?
True
Is 74947967 a prime number?
False
Is 112133929403 a composite number?
False
Is 1251072653 a prime number?
False
Is 6079325449 a composite number?
True
Is 973338151 composite?
False
Is 2471515993 a composite number?
True
Is 660974411 prime?
False
Is 47473319015 composite?
True
Is 8487720533 composite?
True
Is 17579511479 composite?
True
Is 67574873039 prime?
True
Is 108840353 a prime number?
False
Is 4822073453 composite?
Fal